 50489459 a composite number?
False
Is 11818727 a composite number?
False
Is 14465857 a prime number?
False
Is 21923963 prime?
False
Is 162077761 composite?
True
Is 270817373 composite?
False
Is 2029319 a prime number?
False
Is 9107499 a composite number?
True
Is 124970231 prime?
True
Is 48293545 a prime number?
False
Is 849857 a prime number?
True
Is 607859 prime?
False
Is 557172949 a composite number?
False
Is 11015051 prime?
False
Is 893213 composite?
False
Is 218790521 prime?
True
Is 18060233 a prime number?
True
Is 35235701 a composite number?
True
Is 262573 a prime number?
False
Is 3280681 a composite number?
False
Is 53129287 a prime number?
False
Is 769217 a composite number?
True
Is 194355979 prime?
True
Is 13094441 composite?
False
Is 60682367 composite?
True
Is 287581043 a prime number?
False
Is 227565401 a prime number?
False
Is 24314231 prime?
False
Is 9887495 a composite number?
True
Is 42757553 a composite number?
False
Is 77651317 a prime number?
True
Is 63809 composite?
False
Is 19594957 prime?
False
Is 21028093 a prime number?
True
Is 5977577 a prime number?
False
Is 13418 a prime number?
False
Is 68396759 a prime number?
True
Is 43006697 composite?
True
Is 322393709 prime?
False
Is 572430493 prime?
False
Is 27259223 a composite number?
True
Is 293788249 a prime number?
True
Is 173429 a composite number?
False
Is 14322619 prime?
False
Is 78088643 composite?
True
Is 112079609 composite?
True
Is 4364849 prime?
False
Is 340450447 a composite number?
False
Is 595364597 composite?
False
Is 518233 composite?
False
Is 42669719 a prime number?
False
Is 2978209 prime?
False
Is 787651853 composite?
False
Is 7609639 composite?
False
Is 80443894 composite?
True
Is 20926723 composite?
False
Is 105056839 prime?
True
Is 8966779 a prime number?
True
Is 7470467 a composite number?
False
Is 11194747 composite?
False
Is 135520309 a prime number?
True
Is 2135519 a composite number?
False
Is 4946509 a prime number?
True
Is 66820202 a prime number?
False
Is 6322471 composite?
True
Is 3695803 prime?
True
Is 5424359 prime?
True
Is 56872645 a prime number?
False
Is 31086503 prime?
False
Is 113908457 prime?
False
Is 11965741 composite?
False
Is 591967 a composite number?
True
Is 18169 a prime number?
True
Is 22362883 composite?
True
Is 322829989 prime?
True
Is 156930981 a prime number?
False
Is 10228753 prime?
False
Is 264408379 prime?
False
Is 8871661 a prime number?
True
Is 14121473 prime?
False
Is 58842689 composite?
False
Is 84119402 a prime number?
False
Is 7607827 a composite number?
False
Is 1106817 composite?
True
Is 1012397 prime?
True
Is 11971517 a composite number?
False
Is 426613 prime?
False
Is 3411329 a prime number?
True
Is 41698 a composite number?
True
Is 67002927 a composite number?
True
Is 8625761 composite?
True
Is 64148729 a prime number?
True
Is 171741257 composite?
False
Is 8546093 prime?
True
Is 5148421 a prime number?
False
Is 1615139 a composite number?
False
Is 41121061 a prime number?
False
Is 6378487 a composite number?
False
Is 4903439 prime?
False
Is 300773723 a composite number?
False
Is 20896699 a composite number?
True
Is 4501219 composite?
False
Is 16439 composite?
True
Is 6323437 composite?
True
Is 801107 composite?
False
Is 82584449 composite?
False
Is 10094765 a prime number?
False
Is 3753751 composite?
False
Is 169472141 a prime number?
True
Is 166675451 composite?
False
Is 82627481 a composite number?
True
Is 5020802 composite?
True
Is 337051319 a composite number?
True
Is 67591703 a composite number?
True
Is 2092073 prime?
True
Is 32635357 prime?
True
Is 2845039 a composite number?
True
Is 77298941 a prime number?
False
Is 78551003 a prime number?
False
Is 4391671 a prime number?
True
Is 2360737 composite?
True
Is 19095347 a composite number?
True
Is 857565773 a composite number?
False
Is 17500127 composite?
False
Is 56350097 a prime number?
True
Is 12812489 a prime number?
True
Is 157738679 a prime number?
False
Is 3831413 a composite number?
False
Is 2041051 a composite number?
False
Is 7085973 prime?
False
Is 105558371 composite?
False
Is 157849493 composite?
False
Is 149735 composite?
True
Is 13116553 a prime number?
False
Is 56491559 prime?
True
Is 5757433 composite?
True
Is 720206129 prime?
True
Is 12351457 a prime number?
False
Is 89316479 a composite number?
True
Is 15999067 composite?
True
Is 13914653 prime?
False
Is 25460749 a prime number?
False
Is 50051467 prime?
True
Is 11627851 a composite number?
True
Is 357421 a prime number?
True
Is 730462345 a composite number?
True
Is 2006779 a prime number?
True
Is 8035229 a composite number?
False
Is 48042763 a composite number?
True
Is 7195703 a prime number?
False
Is 12761123 prime?
True
Is 3657131 prime?
True
Is 4190717 prime?
True
Is 6306171 composite?
True
Is 6007639 a composite number?
True
Is 3444593 composite?
True
Is 10861967 a prime number?
False
Is 24185171 a prime number?
True
Is 519 a composite number?
True
Is 76403 prime?
True
Is 134957617 a composite number?
True
Is 3498557 prime?
True
Is 198761 a prime number?
True
Is 159434269 composite?
False
Is 925981 prime?
False
Is 120759937 composite?
True
Is 81734039 composite?
False
Is 5830027 prime?
False
Is 146467753 a prime number?
True
Is 33671977 a composite number?
True
Is 248556299 prime?
True
Is 1879243 composite?
False
Is 155817751 composite?
False
Is 69197981 prime?
False
Is 346579679 composite?
False
Is 3781009 composite?
True
Is 26166505 prime?
False
Is 231658807 composite?
True
Is 48091259 a composite number?
False
Is 13176971 a prime number?
False
Is 473271269 a composite number?
False
Is 909219 a composite number?
True
Is 21621823 composite?
False
Is 83613139 prime?
True
Is 98405989 prime?
False
Is 66194041 prime?
False
Is 400974143 a composite number?
True
Is 12815531 a composite number?
True
Is 104482531 composite?
False
Is 817379 a prime number?
True
Is 66835 a prime number?
False
Is 344836727 a composite number?
False
Is 5197799 composite?
True
Is 118778941 composite?
False
Is 6718729 a composite number?
True
Is 15276841 a prime number?
True
Is 14611573 a prime number?
False
Is 7033043 a composite number?
True
Is 2792723 a prime number?
False
Is 4009391 prime?
True
Is 267556279 a prime number?
True
Is 41306897 prime?
True
Is 101521 composite?
True
Is 1121759 a composite number?
True
Is 398771 a prime number?
True
Is 214690639 composite?
False
Is 167551 composite?
True
Is 5548731 prime?
False
Is 53627402 prime?
False
Is 682213237 a prime number?
False
Is 27690997 a prime number?
True
Is 9102523 a prime number?
True
Is 15307639 a prime number?
True
Is 249960311 a prime number?
False
Is 410538343 composite?
True
Is 885601 a composite number?
True
Is 112793869 composite?
False
Is 5681981 a prime number?
True
Is 325445443 a prime number?
True
Is 561797 a composite number?
False
Is 727068643 a composite number?
True
Is 4567793 a prime number?
True
Is 67924721 a prime number?
False
Is 175134071 a prime number?
False
Is 40985803 prime?
True
Is 9546833 prime?
True
Is 4689385 prime?
False
Is 623155231 a composite number?
False
Is 72017507 prime?
False
Is 131494351 a prime number?
False
Is 3819731 a prime number?
True
Is 65885 composite?
True
Is 25613633 a composite number?
False
Is 2345459 a prime number?
True
Is 18297659 a composite number?
False
Is 33245761 a composite number?
True
Is 255837649 a composite number?
False
Is 16851221 a prime number?
True
Is 4050947 composite?
True
Is 1118401 composite?
True
Is 63747219 prime?
False
Is 166344041 prime?
True
Is 50201 a composite number?
True
Is 10435027 prime?
True
Is 2430109 a prime number?
False
Is 2000753 a prime number?
True
Is 26947933 a prime number?
True
Is 7075777 prime?
True
Is 1103549 prime?
True
Is 10653793 a prime number?
False
Is 5277517 a composite number?
True
Is 18973711 composite?
True
Is 76324621 a composite number?
True
Is 27385693 composite?
False
Is 11710135 a prime number?
False
Is 295141283 composite?
False
Is 61658527 composite?
True
Is 5302799 prime?
True
Is 20053841 prime?
True
Is 284099 a prime number?
False
Is 51661279 prime?
False
Is 2573539 a prime number?
False
Is 24078877 a prime number?
True
Is 48218449 prime?
False
Is 2625635 a prime number?
False
Is 34661737 composite?
True
Is 3041362 prime?
False
Is 106